 24?
True
Is 1854 a multiple of 63?
False
Is 4940 a multiple of 10?
True
Is 132 a factor of 22097?
False
Does 35 divide 3080?
True
Does 2 divide 95?
False
Is 1708 a multiple of 43?
False
Does 4 divide 7045?
False
Is 63 a multiple of 7?
True
Is 5264 a multiple of 7?
True
Does 47 divide 9823?
True
Is 20 a factor of 1420?
True
Is 14413 a multiple of 71?
True
Is 58 a factor of 12874?
False
Does 17 divide 21?
False
Does 113 divide 50398?
True
Is 14 a factor of 8288?
True
Is 96 a factor of 11424?
True
Is 630 a multiple of 5?
True
Does 16 divide 3097?
False
Is 50 a factor of 400?
True
Is 7 a factor of 539?
True
Is 2645 a multiple of 49?
False
Does 265 divide 22260?
True
Is 4162 a multiple of 37?
False
Does 8 divide 228?
False
Is 48013 a multiple of 50?
False
Is 149 a factor of 32631?
True
Does 16 divide 18059?
False
Does 68 divide 10648?
False
Is 17 a factor of 7565?
True
Is 9 a factor of 1791?
True
Does 128 divide 79497?
False
Is 1079 a multiple of 30?
False
Does 6 divide 6268?
False
Does 5 divide 1756?
False
Does 35 divide 350?
True
Does 37 divide 888?
True
Is 67600 a multiple of 260?
True
Does 55 divide 660?
True
Is 2101 a multiple of 11?
True
Does 20 divide 549?
False
Is 37 a factor of 7770?
True
Is 35 a factor of 7630?
True
Is 12566 a multiple of 84?
False
Is 14 a factor of 224?
True
Is 143 a multiple of 8?
False
Is 39 a factor of 130?
False
Is 37894 a multiple of 14?
False
Is 95 a factor of 158107?
False
Does 5 divide 380?
True
Does 4 divide 798?
False
Is 9 a factor of 1086?
False
Does 2 divide 251?
False
Is 18 a factor of 359?
False
Does 16 divide 10928?
True
Does 9 divide 2259?
True
Is 1876 a multiple of 63?
False
Does 34 divide 782?
True
Is 1346 a multiple of 15?
False
Is 7 a factor of 123?
False
Is 28 a factor of 2550?
False
Is 10 a factor of 1281?
False
Does 14 divide 598?
False
Is 1800 a multiple of 40?
True
Is 257 a factor of 40701?
False
Is 8112 a multiple of 13?
True
Is 4 a factor of 6765?
False
Does 65 divide 599?
False
Is 12 a factor of 60?
True
Does 4 divide 104?
True
Does 58 divide 4930?
True
Is 44 a factor of 6600?
True
Does 17 divide 3486?
False
Is 13725 a multiple of 15?
True
Is 389 a multiple of 8?
False
Does 7 divide 346?
False
Does 53 divide 142305?
True
Does 13 divide 1911?
True
Is 700 a multiple of 4?
True
Does 15 divide 2357?
False
Does 76 divide 18210?
False
Is 2 a factor of 1113?
False
Is 235 a factor of 42300?
True
Does 21 divide 15419?
False
Is 35 a factor of 6833?
False
Is 50515 a multiple of 335?
False
Is 7 a factor of 1685?
False
Does 13 divide 5639?
False
Is 48 a factor of 1408?
False
Does 21 divide 80220?
True
Does 147 divide 34104?
True
Is 11 a factor of 7062?
True
Is 17 a factor of 6025?
False
Does 25 divide 4878?
False
Is 11014 a multiple of 49?
False
Is 4023 a multiple of 67?
False
Is 11955 a multiple of 3?
True
Is 7423 a multiple of 14?
False
Does 81 divide 1782?
True
Does 18 divide 29610?
True
Does 38 divide 874?
True
Is 7959 a multiple of 33?
False
Does 4 divide 19719?
False
Is 2 a factor of 149?
False
Is 12 a factor of 1428?
True
Is 2339 a multiple of 14?
False
Does 5 divide 2240?
True
Is 10432 a multiple of 21?
False
Is 1155 a multiple of 55?
True
Does 38 divide 553?
False
Does 11 divide 264?
True
Is 4680 a multiple of 130?
True
Does 18 divide 3078?
True
Is 36 a factor of 72?
True
Is 15 a factor of 5018?
False
Is 135 a multiple of 15?
True
Is 3937 a multiple of 21?
False
Is 24 a factor of 1138?
False
Does 5 divide 150?
True
Does 69 divide 867?
False
Is 4 a factor of 21?
False
Does 9 divide 7029?
True
Is 323 a multiple of 18?
False
Is 3320 a multiple of 3?
False
Does 26 divide 292?
False
Is 10 a factor of 919?
False
Is 6 a factor of 11850?
True
Is 5642 a multiple of 14?
True
Is 21147 a multiple of 7?
True
Is 19 a factor of 309?
False
Is 5 a factor of 375?
True
Is 150 a multiple of 6?
True
Is 27 a factor of 837?
True
Is 50915 a multiple of 44?
False
Does 114 divide 11461?
False
Is 25 a factor of 75?
True
Does 90 divide 7920?
True
Is 23 a factor of 13340?
True
Is 36 a factor of 291?
False
Is 109905 a multiple of 15?
True
Does 23 divide 1222?
False
Is 309 even?
False
Is 37 a factor of 68?
False
Is 67 a factor of 4824?
True
Does 18 divide 20934?
True
Is 1280 a multiple of 32?
True
Is 76 a factor of 1230?
False
Is 151 a factor of 132990?
False
Is 24 a factor of 13344?
True
Is 70 a factor of 12110?
True
Is 21 a factor of 1449?
True
Is 18 a factor of 1512?
True
Is 741 a multiple of 13?
True
Is 68 a factor of 51680?
True
Does 100 divide 2819?
False
Does 9 divide 33116?
False
Is 10 a factor of 2720?
True
Does 19 divide 23813?
False
Is 5 a factor of 3110?
True
Does 47 divide 279?
False
Does 3 divide 71?
False
Is 17825 a multiple of 24?
False
Does 42 divide 2111?
False
Is 176 a factor of 2816?
True
Does 69 divide 29834?
False
Does 284 divide 59587?
False
Is 16 a factor of 413?
False
Is 12931 a multiple of 69?
False
Is 50 a factor of 3500?
True
Is 3334 a multiple of 31?
False
Is 8355 a multiple of 15?
True
Is 1573 a multiple of 13?
True
Is 828 a multiple of 69?
True
Is 133 a factor of 95494?
True
Is 5400 a multiple of 40?
True
Does 50 divide 520?
False
Is 15048 a multiple of 152?
True
Is 154 a multiple of 14?
True
Is 120 a multiple of 6?
True
Is 19449 a multiple of 20?
False
Is 30 a factor of 17280?
True
Is 780 a multiple of 65?
True
Does 7 divide 10866?
False
Is 14 a factor of 374?
False
Does 87 divide 977?
False
Is 9 a factor of 846?
True
Is 28956 a multiple of 72?
False
Does 59 divide 354?
True
Is 12 a factor of 195?
False
Does 61 divide 3482?
False
Does 4 divide 32509?
False
Is 58852 a multiple of 18?
False
Is 15015 a multiple of 115?
False
Is 41 a factor of 8364?
True
Is 13 a factor of 793?
True
Is 80 a factor of 4400?
True
Does 81 divide 2916?
True
Is 3 a factor of 65?
False
Does 20 divide 1409?
False
Is 15 a factor of 2443?
False
Does 10 divide 400?
True
Does 160 divide 40154?
False
Does 17 divide 4675?
True
Is 42 a factor of 1798?
False
Does 5 divide 9459?
False
Is 353 a multiple of 67?
False
Is 61 a factor of 122?
True
Is 36 a factor of 37?
False
Does 10 divide 36180?
True
Is 4935 a multiple of 12?
False
Does 87 divide 618?
False
Is 44 a factor of 869?
False
Is 264 a multiple of 3?
True
Is 3901 a multiple of 14?
False
Is 114 a factor of 16872?
True
Is 33 a factor of 16467?
True
Does 212 divide 94022?
False
Does 58 divide 59334?
True
Is 97 a factor of 2037?
True
Is 26 a factor of 14300?
True
Does 43 divide 4903?
False
Is 14 a factor of 669?
False
Is 17 a factor of 8789?
True
Is 22 a factor of 73?
False
Is 4408 a multiple of 116?
True
Is 2046 a multiple of 33?
True
Does 12 divide 52707?
False
Is 2006 a multiple of 118?
True
Does 33 divide 3377?
False
Is 39 a factor of 663?
True
Is 270 a multiple of 30?
True
Is 15 a factor of 4055?
False
Is 177 a factor of 13629?
True
Is 39 a factor of 14781?
True
Does 74 divide 123?
False
Does 15 divide 4125?
True
Does 41 divide 2706?
True
Is 969 a multiple of 86?
False
Does 31 divide 3875?
True
Does 17 divide 1247?
False
Is 215 a factor of 90007?
False
Does 147 divide 6615?
True
Is 4851 a multiple of 10?
False
Is 3080 a multiple of 15?
False
Is 35689 a multiple of 89?
True
Does 164 divide 5248?
True
Does 209 divide 49362?
False
Is 586 even?
True
Is 12 a factor of 13548?
True
Is 9 a factor of 22131?
True
Is 13 a factor of 3201?
False
Is 10 a factor of 29630?
True
Is 3121 a multiple of 17?
False
Is 48 a factor of 22896?
True
Is 72878 a multiple of 13?
True
Is 15189 a multiple of 5?
False
Is 1067 a multiple of 97?
True
Is 22 a factor of 374?
True
Does 15 divide 133?
False
Does 68 divide 913?
False
Is 12 a factor of 672?
True
Is 3 a factor of 1467?
True
Is 47 a factor of 8731?
False
Is 720 a multiple of 30?
True
Does 23 divide 6624?
True
Does 20 divide 3940?
True
Does 47 divide 423?
True
Is 5313 a multiple of 3?
True
Is 16826 a multiple of 47?
True
Is 144 a multiple of 4?
True
Is 41399 a multiple of 41?
False
Is 6 a factor of 17345?
False
Is 19 a factor of 1313?
False
Is 2970 a multiple of 5?
True
Is 300 a multiple of 15?
True
Does 23 divide 3703?
True
Does 41 divide 697?
True
Is 35800 a multiple of 200?
True
Is 21 a multiple of 3?
True
Is 338 a multiple of 13?
True
Is 76 a factor of 5776?
True
Is 19 a factor of 1281?
False
Does 16 divide 230?
False
Does 38 divide 12844?
True